 25 + -14. Calculate the remainder when z/(6/(-3)) - (-34)/1 is divided by b.
9
Suppose 0 = 5*z - 407 + 17. Let m = -1267 + 1287. Calculate the remainder when z is divided by m.
18
Let n = -1901 + 2002. What is the remainder when n is divided by 16?
5
Suppose 5 = -2*b - 3*h + 24, 31 = 5*b + 2*h. Suppose -3*r + b = -7. Let s = 7 + -2. What is the remainder when s is divided by r?
1
Let x = 9 - 9. Suppose x = 4*d - 4*t - 32, -2*d = -t + 8 - 21. Suppose -d*v - 26 = -7*v. Calculate the remainder when 38 is divided by v.
12
Let y(g) be the first derivative of -5*g**2/2 - 3*g + 1. Calculate the remainder when 31 - (-15 - -12) - 7 is divided by y(-2).
6
Let v be (1 + (-6)/4)*0. Suppose r + r - 12 = v. What is the remainder when ((-2052)/1140)/(2/(-10) + 0) is divided by r?
3
Suppose 100*b - 387 = 97*b. Calculate the remainder when b is divided by 6.
3
Let j(u) = -u**2 - u + 33. Let h be j(5). Suppose 216 = h*m + 3*m. Calculate the remainder when m is divided by 16.
4
What is the remainder when 62 is divided by 3/18 - 347/(-6)?
4
Let d = 277 + -110. Suppose -2*a + 239 = -d. What is the remainder when a is divided by 17?
16
Let f be -2 + 20 + 3 + -5. Suppose 0 = 2*a, -2*c - 2*c = -3*a - f. What is the remainder when (-267)/(-24) - -5*3/(-120) is divided by c?
3
Calculate the remainder when 1449 is divided by 6/3*462/28.
30
Let o(p) = 2*p**3 + 18*p**2 - 12*p + 9. Calculate the remainder when o(-9) is divided by 41.
35
Suppose 3 = -t + 6. What is the remainder when (4/3)/(16/156) is divided by t?
1
Let x = -12 + 28. Suppose -2*w + 1 - 3 = 0. What is the remainder when x is divided by w + 6 + 1/1?
4
Let l = -29 + 59. Let b(f) = f**2 + 3*f - 62. Calculate the remainder when l is divided by b(7).
6
Let i(o) = -o**3 + 9*o**2 - 15*o + 10. Let n be i(7). Suppose -5*t + 65 = 3*f - 0*t, n*t + 15 = 0. What is the remainder when f is divided by 8?
6
Let h = 13 - 13. Suppose -2*y + 4*j + 17 + 23 = h, -y = 3*j. What is the remainder when 94 is divided by y?
10
Let t(i) be the third derivative of i**6/120 - i**5/15 + i**4/6 - i**3/2 + 5*i**2. What is the remainder when t(4) is divided by 2?
1
Let r = 87 + 74. Suppose 0*c - 7*c = -r. Suppose k + 21 = 2*k - 4*t, -5*k + 5*t + 75 = 0. What is the remainder when c is divided by k?
10
Let t(b) = -b**2 + 3*b + 1. Suppose 0 = -2*c + 5*g + 1 - 16, -3*c = g - 20. Suppose c - 1 = 2*j. What is the remainder when j is divided by t(3)?
0
Suppose 2*d = -2*s + 52, 0 = 3*s + 5*d - 10*d - 62. What is the remainder when 85 is divided by s?
13
What is the remainder when 139 is divided by (7/(294/36))/((-9)/(-42))?
3
Let d be 6/3*(-1162)/7. Let p = -237 - d. Suppose 130 = 5*f - 5*w + 3*w, 5*w = 4*f - 121. Calculate the remainder when p is divided by f.
23
Let k = -4892 - -4933. Let r(s) = -3*s + 3. What is the remainder when k is divided by r(-6)?
20
Suppose 0 = -12*w - 24*w + 6696. What is the remainder when w is divided by 75?
36
Suppose -15*p - 648 = -19*p. What is the remainder when p is divided by 41?
39
Suppose 131 = 7*p + 40. Suppose -9*g - 116 = -p*g. Calculate the remainder when g is divided by (-40)/6*(-3)/2.
9
Let b(a) = a**3 + 18*a**2 + 15*a - 20. What is the remainder when 94 is divided by b(-17)?
10
Let i(t) = 7*t - 23. Let q be i(17). Suppose 15*h - q = 11*h. Calculate the remainder when 45 is divided by h.
21
Let f(p) = 11*p + 2. Let l be f(-3). What is the remainder when -3 + 15/4 + 171/12 is divided by (-1)/5 + l/(-5)?
3
Suppose 4*q - 6 = 2*x + 3*x, -3*q + 5*x + 2 = 0. Suppose -5*b + q*b + 14 = 0. What is the remainder when 68 is divided by b?
12
Let r(x) = 90*x**2 - 3*x + 2. Let k be r(1). Let f = k + -79. Let v = 116 - 77. What is the remainder when v is divided by f?
9
Let a be 22/(-33)*(1 + 2). What is the remainder when 38 is divided by (15/(-2))/(1/a)?
8
Let q(p) = -p**2 - 12*p - 2. Let b(t) = -t**3 + 4*t**2 + 3*t + 4. Let r be b(3). Let l = r + -6. Calculate the remainder when q(-8) is divided by l.
14
Let h(w) = 45*w**3 - w**2 + w - 1. Calculate the remainder when h(1) is divided by 19.
6
Let n = 82 - 78. Suppose 15 - 83 = -4*c - n*d, 4*d = -8. Calculate the remainder when 72 is divided by c.
15
Let i(x) = 2*x - 14. Let n be i(5). Let h = -17 - -28. Let a = h + n. What is the remainder when 18 is divided by a?
4
Let k(q) = -6*q - 18. Calculate the remainder when k(-10) is divided by 26.
16
Suppose -3*t + 82 = 2*t - i, 4*i + 22 = 2*t. What is the remainder when t is divided by 9?
8
Let m(b) = -b**2 + 11*b - 8. Calculate the remainder when 2 is divided by m(10).
0
Let s(p) = p**2 + 7*p + 2. Let d be s(-5). Let f(o) = -7*o + 10. Let v = 40 - 23. What is the remainder when f(d) is divided by v?
15
Suppose t + 203 - 211 = 0. What is the remainder when t is divided by 6?
2
Let b(v) = 11*v + 224. Calculate the remainder when b(-12) is divided by 26.
14
Let b = -111 - -114. Suppose 5*s - 313 = -2*l, -2*s = -5*s + b*l + 192. Calculate the remainder when s is divided by 17.
12
Suppose -3*j - b = -10 - 45, j - 13 = 5*b. What is the remainder when j is divided by -9 + (-5 - -11) - -16?
5
Suppose -3*l + 3*b = -8*l + 258, -201 = -4*l + 3*b. Suppose k + 36 = o - 0*o, 0 = o + 4*k - l. What is the remainder when o is divided by 7?
4
Suppose 0 = -7*i + 590 + 341. Calculate the remainder when i is divided by 39.
16
What is the remainder when 321 is divided by (-2388)/(-15) - (-36)/45?
1
Suppose 3*t - 2*y - 120 = 0, 6*y - 5*y = -3. Calculate the remainder when t is divided by 21.
17
Suppose 3*i + 3 = 4*r + 4, 0 = -3*i + r + 16. Suppose 173 = -40*y + 1173. Calculate the remainder when y is divided by i.
4
Suppose -469*y + 476*y - 210 = 0. What is the remainder when 133 is divided by y?
13
Let s = -8 + 19. Suppose 4*a = 3*m - 13, a - 13 = -4*m + 17. Suppose 6*t + s = m*t. Calculate the remainder when 43 is divided by t.
10
Suppose 0 = -4*z - 0*z + 4. Let j(a) = 8*a**3 - 2*a + 1. Calculate the remainder when (6/9)/(3/153) is divided by j(z).
6
Let j = -1400 + 1440. What is the remainder when 85 is divided by j?
5
Suppose h = 4 - 0. Suppose 5 + 10 = 3*v, -36 = -h*g - 4*v. Suppose -g*n = 4*s - 44, s + 2*n - 5 = -n. Calculate the remainder when s is divided by 8.
6
Let c = -77 + 77. Suppose 6*y - 840 - 330 = c. What is the remainder when y is divided by 22?
19
Let r be (-39)/(-9) + (-2)/(-3). Suppose -5*j = 4 - 24. Suppose p - j*b + r*b = 44, -175 = -5*p + 4*b. What is the remainder when p is divided by 10?
9
Suppose 2*n = 3*w - 572, 10*n - 575 = -3*w + 15*n. Suppose 0*s - 5*s = c - 248, -c = -5*s + 242. Calculate the remainder when w is divided by s.
43
Suppose -6*p + 60 = -0*p. Calculate the remainder when 23 is divided by (p - -2) + (-25)/5.
2
Suppose 1223 - 368 = 3*w. What is the remainder when w is divided by 61?
41
Let k = -127 - -125. Calculate the remainder when 41 is divided by 1 - k - (1 + -5).
6
Suppose 23 = 5*q + 3. Suppose v + 30 = q*v. Let u = 21130 + -21102. Calculate the remainder when u is divided by v.
8
Let o(f) = f**3 + 8. Let r(j) = -j**3 - 12*j**2 - 21*j + 5. Let l be r(-10). Let k = 44 - l. Calculate the remainder when k is divided by o(0).
5
Let w(z) = 2*z**2 - 4*z + 6. Suppose 3*t - 4*g - 8 = 8, -3*t - 4*g = -8. Calculate the remainder when w(t) is divided by (4/(-3))/((-3)/18).
6
Let n(u) = u**3 - 6*u**2 + 4*u - 3. Suppose 0 = -2*k - 4*q + 5*q + 122, -3*q = 0. What is the remainder when k is divided by n(6)?
19
Suppose 2*k - 60 = -3*k. Suppose -j + 44 = k. Suppose n + h - j = 2*h, 2*h + 36 = n. Calculate the remainder when n is divided by 10.
8
Let l(t) = 2*t**2 - 6*t + 3. Let c = 10 - 10. Let m be (c - -4) + 6 + -6. Calculate the remainder when l(m) is divided by 6.
5
Suppose 0*k + 3*k = 51. Suppose -70*r + 71*r - 5 = 0. What is the remainder when k is divided by r?
2
Suppose 0 = 460*q - 456*q - 516. What is the remainder when q is divided by 68?
61
Suppose -2*y - 106 = -5*y - 2*x, -2*y = 4*x - 84. Calculate the remainder when 84 is divided by y.
20
Let k be -3 + 2 - (3 - 3). Let w be -3 + k - (-24)/4. Suppose -7 = -w*t + 31. Calculate the remainder when 35 is divided by t.
16
Suppose 0 = -4*p + i + 2*i + 21, 5*i = 4*p - 19. Let s(k) = -k**3 + 8*k**2 - 6*k + 1. What is the remainder when s(p) is divided by 10?
7
Let i(a) = -15*a + 3. Let k be i(-3). Suppose 3*z + 4*c = k, -4*z - 103 = -9*z + c. Let g = -9 